 of 128?
True
Is 124546 a multiple of 81?
False
Is 934131 a multiple of 709?
False
Does 6 divide 84?
True
Is 10 a factor of 333270?
True
Does 37 divide 642181?
False
Is 122 a factor of 11826558?
True
Is 26 a factor of 185331?
False
Does 28 divide 201334?
False
Is 217 a factor of 272900?
False
Does 16 divide 2463488?
True
Is 883 a factor of 15395105?
True
Is 310 a factor of 1867440?
True
Does 22 divide 155045?
False
Is 2578052 a multiple of 21?
False
Is 37324 a multiple of 1204?
True
Does 16 divide 35120?
True
Does 32 divide 14048?
True
Is 483232 a multiple of 32?
True
Does 159 divide 709309?
False
Does 14 divide 69594?
True
Is 247 a factor of 86944?
True
Does 20 divide 1479203?
False
Is 19602324 a multiple of 2322?
True
Is 21 a factor of 385283?
False
Is 51 a factor of 878269?
False
Is 14 a factor of 994070?
True
Is 427794 a multiple of 37?
True
Does 29 divide 5436514?
True
Is 7628160 a multiple of 12?
True
Is 2 a factor of 298141?
False
Is 11331 a multiple of 9?
True
Is 12 a factor of 35724?
True
Is 364338 a multiple of 82?
False
Is 254656 a multiple of 64?
True
Is 26 a factor of 4160?
True
Is 17657 a multiple of 26?
False
Does 6 divide 13872?
True
Does 201 divide 16385319?
True
Is 127 a factor of 221615?
True
Is 90321 a multiple of 119?
True
Is 82 a factor of 113253?
False
Is 1236711 a multiple of 141?
True
Is 264 a factor of 330792?
True
Is 7 a factor of 4015025?
True
Is 36414 a multiple of 9?
True
Is 3549906 a multiple of 8?
False
Does 134 divide 7527048?
True
Is 327296 a multiple of 16?
True
Is 370 a factor of 1196950?
True
Is 68 a factor of 1477396?
False
Does 374 divide 253946?
True
Is 33990 a multiple of 79?
False
Is 102920 a multiple of 415?
True
Does 25 divide 1013064?
False
Does 22 divide 140660?
False
Is 20 a factor of 4179518?
False
Does 10 divide 620220?
True
Is 6254008 a multiple of 356?
False
Does 13 divide 141956?
False
Does 154 divide 5495336?
True
Is 50 a factor of 1457600?
True
Is 1596875 a multiple of 175?
True
Is 108 a factor of 5883747?
False
Does 421 divide 54152?
False
Is 110 a factor of 2354986?
False
Is 415220 a multiple of 10?
True
Is 10 a factor of 2692204?
False
Is 29 a factor of 396205?
False
Is 93950 a multiple of 10?
True
Does 187 divide 267847?
False
Is 42 a factor of 2056?
False
Does 21 divide 148256?
False
Does 11 divide 377025?
True
Is 239002 a multiple of 141?
False
Does 31 divide 16430?
True
Is 964155 a multiple of 57?
True
Is 785876 a multiple of 221?
True
Does 48 divide 57844?
False
Is 5577040 a multiple of 40?
True
Is 132066 a multiple of 261?
True
Does 32 divide 34368?
True
Is 528727 a multiple of 18?
False
Is 212 a factor of 989192?
True
Does 180 divide 230362?
False
Does 18 divide 1007756?
False
Is 147 a factor of 61887?
True
Does 22 divide 107294?
True
Does 687 divide 2110175?
False
Is 103878 a multiple of 119?
False
Is 5822335 a multiple of 197?
True
Does 13 divide 1473615?
True
Does 306 divide 181943?
False
Is 13 a factor of 292188?
True
Does 5 divide 5930?
True
Does 359 divide 4744185?
True
Does 4 divide 298676?
True
Does 10 divide 148999?
False
Is 4 a factor of 35?
False
Does 394 divide 134967?
False
Is 795691 a multiple of 256?
False
Is 135502 a multiple of 6?
False
Is 2037 a factor of 8769729?
False
Is 96320 a multiple of 7?
True
Does 278 divide 491504?
True
Is 1992 a factor of 611544?
True
Is 13 a factor of 16862?
False
Does 601 divide 369014?
True
Is 35868 a multiple of 61?
True
Is 32 a factor of 717888?
True
Is 14 a factor of 1490495?
False
Is 1003873 a multiple of 403?
True
Does 26 divide 698100?
True
Does 15 divide 202?
False
Is 48 a factor of 6100032?
True
Does 55 divide 374493?
False
Does 19 divide 128022?
True
Does 317 divide 33555?
False
Does 16 divide 76276?
False
Is 5 a factor of 6820450?
True
Does 130 divide 19240?
True
Is 14 a factor of 32340?
True
Does 234 divide 4686787?
False
Is 280 a factor of 229320?
True
Is 9671225 a multiple of 14?
False
Is 5492947 a multiple of 763?
False
Is 6 a factor of 98070?
True
Is 689279 a multiple of 228?
False
Does 23 divide 14344433?
True
Is 372415 a multiple of 7?
False
Does 7 divide 8474?
False
Is 70 a factor of 5003180?
True
Is 75992 a multiple of 472?
True
Is 399 a factor of 3098173?
False
Is 606256 a multiple of 3?
False
Is 31 a factor of 76291?
True
Does 814 divide 5079360?
True
Does 35 divide 2055063?
False
Does 187 divide 164890?
False
Is 1054233 a multiple of 369?
True
Is 43020 a multiple of 30?
True
Is 304850 a multiple of 50?
True
Does 28 divide 228226?
False
Is 13 a factor of 26104?
True
Is 238510 a multiple of 305?
True
Is 260 a factor of 682714?
False
Is 6 a factor of 10204783?
False
Is 281 a factor of 4062943?
False
Is 61132 a multiple of 29?
True
Is 44 a factor of 483782?
False
Does 33 divide 1160524?
False
Does 32 divide 5326112?
True
Is 138200 a multiple of 10?
True
Is 53 a factor of 10115080?
False
Is 649432 a multiple of 7?
True
Is 14138 a multiple of 2?
True
Does 9 divide 82325?
False
Is 5483 a multiple of 22?
False
Is 37 a factor of 8297713?
False
Is 644356 a multiple of 3?
False
Is 5 a factor of 119830?
True
Does 13 divide 70317?
True
Does 283 divide 211118?
True
Is 66465 a multiple of 28?
False
Is 65 a factor of 81185?
True
Does 217 divide 116746?
True
Is 16 a factor of 80742?
False
Is 87 a factor of 686377?
False
Does 30 divide 8340?
True
Does 17 divide 32386584?
False
Is 3423621 a multiple of 47?
True
Is 1152028 a multiple of 18?
False
Does 5 divide 122441?
False
Does 44 divide 203253?
False
Does 33 divide 11482?
False
Is 33268 a multiple of 23?
False
Is 10656781 a multiple of 22?
False
Is 83 a factor of 16009372?
True
Is 422 a factor of 307376?
False
Is 987073 a multiple of 209?
False
Is 2591086 a multiple of 9?
False
Does 12 divide 128257?
False
Is 297892 a multiple of 28?
True
Is 59 a factor of 121703?
False
Does 3 divide 940?
False
Is 1911408 a multiple of 24?
True
Is 30400 a multiple of 4?
True
Does 62 divide 418128?
True
Is 740 a factor of 1139002?
False
Is 12710168 a multiple of 2062?
True
Is 144478 a multiple of 106?
True
Is 3136205 a multiple of 92?
False
Does 207 divide 46782?
True
Does 273 divide 410826?
False
Is 4575078 a multiple of 10?
False
Does 236 divide 14370565?
False
Is 24892 a multiple of 31?
False
Is 1458793 a multiple of 93?
False
Is 10 a factor of 749430?
True
Does 429 divide 426332?
False
Does 3 divide 209354?
False
Does 50 divide 507150?
True
Does 196 divide 3202507?
False
Does 12 divide 990997?
False
Is 6 a factor of 6414396?
True
Is 4019474 a multiple of 2?
True
Does 5 divide 11103?
False
Is 294814 a multiple of 391?
True
Is 355 a factor of 2141715?
True
Is 78846 a multiple of 248?
False
Does 395 divide 2415030?
True
Is 3040896 a multiple of 152?
False
Is 54 a factor of 13064436?
True
Is 43 a factor of 9450524?
False
Does 7 divide 1923390?
True
Is 651 a factor of 1995966?
True
Is 2742980 a multiple of 515?
False
Is 22915216 a multiple of 35?
False
Does 28 divide 15925478?
False
Is 26 a factor of 11518?
True
Is 124124 a multiple of 406?
False
Is 10 a factor of 6250?
True
Does 148 divide 84804?
True
Is 6692584 a multiple of 83?
False
Does 22 divide 81070?
True
Is 210 a factor of 16456752?
False
Does 25 divide 228050?
True
Is 16 a factor of 9086844?
False
Is 21870 a multiple of 13?
False
Does 160 divide 523968?
False
Is 107 a factor of 38644?
False
Is 10639440 a multiple of 420?
True
Is 14 a factor of 573606?
False
Does 63 divide 121842?
True
Does 82 divide 5737868?
True
Is 517112 a multiple of 8?
True
Does 96 divide 552192?
True
Is 95560 a multiple of 20?
True
Is 13257 a multiple of 56?
False
Is 148977 a multiple of 7?
False
Is 3377391 a multiple of 7?
False
Is 23 a factor of 1265?
True
Does 36 divide 9860364?
True
Is 25 a factor of 46775?
True
Does 250 divide 268450?
False
Does 2 divide 1507135?
False
Does 20 divide 149397?
False
Does 152 divide 63651?
False
Is 2525127 a multiple of 9?
False
Does 7 divide 257495?
True
Does 14 divide 86072?
True
Is 9046454 a multiple of 34?
False
Is 179 a factor of 994703?
True
Does 110 divide 111821?
False
Is 6877866 a multiple of 1179?
False
Is 192810 a multiple of 52?
False
Does 75 divide 367800?
True
Is 141756 a multiple of 34?
False
Is 387455 a multiple of 7?
False
Does 151 divide 16351639?
True
Does 3 divide 35271?
True
Is 2450695 a multiple of 252?
F